1 + 0 + -2) prime?
True
Let u be 273/14*-1*-4. Suppose -2*k + 4*h + 2506 = 0, -u*h + 76*h = -3*k + 3771. Is k a prime number?
True
Suppose 0 = 2*j + 3*x - 41778 - 25953, -3*x - 169275 = -5*j. Suppose 4*r = 17194 + j. Is r a composite number?
False
Suppose 27*l - 23*l = -716. Let p be (4/4 + 4)*l. Is (-4 + 0)*3/30*p a composite number?
True
Let m be ((-70)/(-21))/((-1)/12). Let q = 19 + m. Is (-10 + 1)*q/9 a prime number?
False
Let w = 35 - 30. Suppose -29 = -t + w*i, 0 = 5*t - t - 2*i - 80. Suppose -4*r + 117 = -t. Is r composite?
True
Suppose -55*g = -57*g + 24. Suppose -g*n + 58615 = -7*n. Is n a prime number?
False
Let y be 14/4*(-48)/(-56). Let q be 18/15*10/y. Is (-7928)/(-20) - q/((-60)/9) a composite number?
False
Let f = -1877580 - -4115971. Is f a composite number?
False
Suppose -1348005 = -10*h - 5*h. Is h prime?
True
Let s = -40786 + 67325. Is s composite?
False
Let g(a) = 3403*a**3 + 57*a**2 - 162*a + 1. Is g(3) a prime number?
True
Let m = -12637 - -3571. Let x = 15869 + m. Is x a composite number?
False
Let y = 2973 + 2451. Suppose r - 1583 = 4*l, -4*l - y - 932 = -4*r. Is r a composite number?
True
Let z = 3892 + -2291. Suppose 2*x - 4462 = -5*o - z, 4*o = -12. Let p = -939 + x. Is p a composite number?
False
Let d = -164792 + 255291. Is d composite?
False
Suppose -264770 = -7*r - 100487. Suppose 0 = 5*m - 3*p - 15200, -8264 = 5*m - 4*p - r. Is m prime?
True
Suppose -2*y - 13*y + 585 = 0. Suppose -y*l + 287961 = -86790. Is l a prime number?
False
Suppose 22*d + 21811 = -58247. Is (d + 2 + -2)*(-19)/57 a prime number?
True
Let r be 15/(-12)*10*6. Let i = r - -75. Suppose -2*c + c + 677 = i. Is c a prime number?
True
Let c = 26 + -14. Suppose -x + n + 5 = 1, 3*n + c = -2*x. Suppose -6*h + 4*h + 718 = x. Is h a composite number?
False
Suppose -4*y - 1133457 = -a, 0 = 5*a + 19*y - 18*y - 5667306. Is a composite?
True
Suppose -2*i + 6*i - 2*t = 22656, -5*i - t = -28306. Suppose 3*l = 38933 + i. Is l/5 + -4 - -2 a composite number?
False
Let o(v) = 2*v**3 + 31*v**2 + 44*v + 49. Let k be o(-24). Let b = -6252 - k. Is b a composite number?
False
Is (1 - -118403) + ((-10)/(-16))/(5/(-40)) a composite number?
False
Let j(k) = -k**3 + k**2 + k + 5. Let a be j(0). Suppose -5*b + a*f = -7630, -b - 3031 = -3*b - 5*f. Is b composite?
False
Let r(p) = 4*p**2 - 305*p + 533. Is r(160) a composite number?
False
Let d(l) = 33062*l + 78. Let b be d(1). Suppose 0 = -16*q - 4*q + b. Is q prime?
True
Suppose -2*x + 61912 = 5*l - 151763, 0 = 3*l + 2*x - 128201. Is l composite?
False
Let y(x) = 88*x**2 + 2*x - 5. Let r be y(1). Let j = -1 - -1. Suppose j = 3*w - 206 - r. Is w a prime number?
True
Let t(a) = -a**3 + 20*a**2 + a - 21. Let q be t(20). Let x be (3 + -6)/(-1) - (-1)/q. Suppose x*p = -5*r + 1388, 2*p - 687 = p + r. Is p prime?
False
Let h(y) = -81*y**2 + 2*y - 4. Let m be h(-4). Let w be (628254/44)/(-19) - (-2)/4. Let q = w - m. Is q a composite number?
False
Suppose 7*m - 5*m - 4 = 0. Suppose -5*l = m*d - 523, 3*l = 2*d + l - 516. Is d composite?
True
Let p(b) = 41*b**2 + 2*b - 2. Let k be (-9*(-8)/(-12))/(0 + -2). Is p(k) a composite number?
False
Suppose -5*u - 116902 = -2*a, 4*a - 26*u + 22*u - 233804 = 0. Is a a composite number?
False
Is 16/(-56) - ((-36330768)/42)/8 prime?
True
Let i(j) = 78*j**2 - 679*j - 176. Is i(39) prime?
False
Let k be 82/4 - 10/20 - 0. Let z(n) = n**3 - 7*n**2 - 30*n + 43. Is z(k) a composite number?
False
Suppose 910873 = 12*v + 19*v. Is v prime?
True
Is (-12)/(-9)*((-10110036)/(-238))/((-8)/(-14)) composite?
True
Let p = 3614 + 12989. Is p a composite number?
False
Let s be -3*(56/(-12) + 4). Let l be (s + -8)/(2 + -4) + -3. Suppose l = -4*y + j + 1168, 2*j = -5*y + 1309 + 164. Is y a composite number?
False
Let n(z) = 2*z**2 + 14*z - 35. Let b(t) = 2*t**3 - 3*t**2 + 4*t + 2. Let f be b(2). Is n(f) a composite number?
True
Let r = -1086 + 1235. Let l be (-12)/42 + (-88)/(-14). Suppose -11*y + r = l. Is y a composite number?
False
Suppose -925 = -2*p + 3*g, 4*p - 3*g + 1823 = 8*p. Let o = 53 - 12. Let r = o + p. Is r composite?
False
Is 95/10*(5 + 20/(-4) - -5758) composite?
True
Let l(v) = -6*v + 7*v**2 - 17*v**2 + 5*v + 9*v**2. Let c be l(0). Suppose c = 5*f - 2150 - 3065. Is f a composite number?
True
Suppose -4*w + 4 = -20. Suppose -w*j = j - 2611. Let c = 624 - j. Is c composite?
False
Is 210420 - 18/(-36)*38 prime?
False
Suppose 13*o = 5*o + 14224. Let k = 2694 - o. Let u = k - 231. Is u composite?
True
Let w = 0 + 12. Is 38751/12 + 57/w + -5 composite?
False
Let r(q) = -113508*q - 2431. Is r(-3) a composite number?
True
Let j(d) = d**3 - 2*d**2 - 7*d + 61. Let t be 4 + (5/2)/5*-2. Let b be t/((-9)/(-6))*(-57)/(-6). Is j(b) a composite number?
True
Let n(u) = 2*u**2 + 13*u - 19. Let o(q) = -q**3 - 10*q**2 + 4*q - 9. Let j be o(-10). Let g = -33 - j. Is n(g) a prime number?
True
Let k = -86 + -3. Let m be -2 + (-6)/2 + k. Is (2*5/(-10))/(2/m) prime?
True
Let s be ((-20)/6 - -4)*(-15)/(-2). Suppose 0 = s*n + 158 - 11313. Is n prime?
False
Suppose 19*w - 22*w + 24 = u, -3*u + 24 = 3*w. Suppose 447593 = w*d - 23871. Is d a composite number?
True
Let k be 3 + 1 - (2 + 39 - 4). Is ((-14764)/3)/((-11)/k + -1) a composite number?
True
Suppose -4*x + 80924 = l - 324403, -2*x - 2*l = -202656. Is x composite?
False
Suppose -4*b + 5*w = 15, 1 = 2*b - 5*w + 16. Suppose b = -226*h + 228*h - 1082. Is h a composite number?
False
Let x(s) = 406*s**2 - 4*s - 1. Suppose 0 = 11*n + 46 + 20. Is x(n) a prime number?
True
Let u be (1/((-3)/37032))/((-4)/6). Let r = u + -10661. Is r a composite number?
True
Let l = 26 - 17. Suppose 3*x + l = 6*x. Suppose x*r + 3542 = 4*z, 3*r = 5*z - 1910 - 2519. Is z a prime number?
True
Suppose -1193 = -2*v - 353. Suppose 9*d + 11406 = 15*d. Let n = v + d. Is n a prime number?
False
Let i be (6/9)/((-10)/(-120)). Let s(w) = w**3 + w. Let v(x) = 12*x**2 - 10*x + 19. Let u(k) = 3*s(k) - v(k). Is u(i) a composite number?
False
Let m(v) = 4*v**2 + 14*v - 1. Let d be -72*(21/(-6) - -4). Let f = d + 22. Is m(f) composite?
False
Let l(j) = j. Let r(y) = -373*y + 4. Let x(u) = 6*l(u) + r(u). Suppose 35*w + 49 = -14*w. Is x(w) composite?
True
Suppose -4*y - 14860 = d, 0 = 2*y - 2*d - 0*d + 7420. Let m = y + 6009. Let f = m + -1408. Is f prime?
True
Suppose 12*i - 268879 + 101995 = 0. Let y = -4374 + i. Is y prime?
True
Is (((-3411551)/(-55))/13)/(11/5 + -2) a composite number?
False
Let z = 106 - 63. Let t(u) = 11*u - 126. Is t(z) a prime number?
True
Is (4098705/52 - -9)/(9/12) a composite number?
False
Let s be (4 + -3)/(-1)*-2. Suppose 4*j = -0*v + v - 20, -s*v + j = -12. Is 1246/(v - (4 + -2)) a composite number?
True
Suppose 4*l - 209 = -205, x - 677765 = 2*l. Is x a prime number?
True
Let y(v) = 12*v + 8. Let n be y(2). Is 8020/n + 1 + 15/(-24) a composite number?
False
Let s be 2 - ((-6)/3 + 1809). Let n = -872 - s. Let j = 1312 - n. Is j composite?
False
Let u = 34323 - 6676. Is u a prime number?
True
Let s(m) = 175*m - 201*m + 3*m**2 - 15 - 18*m**3 + 5*m**2 - 4*m**2. Is s(-7) a composite number?
True
Suppose -25*t + 31*t = -117*t + 27429. Is t prime?
True
Let a be 2*1*8/((-48)/(-9)). Suppose a*b = -6 - 0. Is 1697/(b + 3) - 4 a composite number?
False
Let n = 10030 + -3645. Is n prime?
False
Let l be (0 - 2/3)/(2/(-6)). Suppose 7*x - 12392 = 3*x + 3*u, l*x + 4*u - 6196 = 0. Is x prime?
False
Let o = -227766 + 383825. Is o a prime number?
True
Suppose -6 = -3*r, 4*c + 2*r + 70 = -r. Let u(q) be the first derivative of -q**2/2 + 4*q + 342. Is u(c) composite?
False
Let h(b) be the third derivative of b**4/6 + 16*b**3/3 + 9*b**2. Let g be h(-7). Suppose 0 = -2*d + d - 2, 64 = 4*u - g*d. Is u a composite number?
True
Let z(t) = -2*t**3 - 239*t**2 + 167*t - 399. Is z(-122) composite?
True
Let j be (-12 - -11)*76/8*558. Let n = 11402 + j. Is n prime?
True
Let p = -11653 + 1563. Is ((-754)/(-145))/(1/p*-4) a prime number?
False
Let z = 3995 - 5084. Let d be 2288 - (-2 + 1) - 1. Let x = d + z. Is x a composite number?
True
Let i(f) be the first derivative of 77*f**3/3 - 8*f**2 + 39*f + 37. Is i(8) a prime number?
False
Suppose 3*x + 2*u = 7*u + 389481, -3*x + u + 389457 = 0. Is x composite?
True
Is (29986/(-44))/47*-3974 prime?
False
Let i(x) = 12*x**2 - 24*x + 14. Let g be i(14). Suppose g = -b + 